{"id":988,"date":"2010-12-09T16:36:49","date_gmt":"2010-12-09T15:36:49","guid":{"rendered":"http:\/\/www.grupohipnosiscopcv.es\/wordpress\/"},"modified":"2012-01-15T23:36:23","modified_gmt":"2012-01-15T22:36:23","slug":"solicitar-inclusion","status":"publish","type":"page","link":"https:\/\/www.grupohipnosiscopcv.es\/wordpress\/recursos-para-profesionales\/solicitar-inclusion\/","title":{"rendered":"Inclusi\u00f3n listado profesionales"},"content":{"rendered":"<p>Cualquier profesional cualificado que desee ser incluido puede enviar sus datos.<\/p>\n<p>Los requisitos m\u00ednimos para su inclusi\u00f3n son:<\/p>\n<p>&nbsp;<\/p>\n<ul>\n<li><span>Ser, al menos, licenciado en la carrera que le habilita para ejercer en el campo en el que est\u00e1 utilizando la hipnosis.<\/span><\/li>\n<li><span>Haber cursado estudios de hipnosis con base cient\u00edfica, preferiblemente en los Colegios Oficiales de Psic\u00f3logos, Universidades, o en centros que est\u00e9n avalados por alguna universidad. Es necesario poder acreditar el haber recibido, al menos,\u00a025 horas de formaci\u00f3n en hipnosis cient\u00edfica.<\/span><\/li>\n<li><span>No hacer un uso incorrecto de la hipnosis (por ejemplo, aplicarla en un campo para el que no nos habilita nuestra titulaci\u00f3n, realizar terapias regresivas, curas m\u00e1gicas,\u00a0colaboraci\u00f3n con centros de hipnoterapeutas legos, participaci\u00f3n en espect\u00e1culos televisivos, utilizaci\u00f3n de la hipnosis como \u00fanica estrategia de intervenci\u00f3n, etc.).<\/span><\/li>\n<\/ul>\n<p>&nbsp;<\/p>\n<p>&nbsp;<\/p>\n<p style=\"text-align: justify;\">Si es usted un profesional cualificado y desea que sus datos aparezcan en el listado que hemos relacionado (que se ir\u00e1 actualizando conforme se vayan recibiendo solicitudes) puede <a href=\"http:\/\/www.grupohipnosiscopcv.es\/wordpress\/public\/fprofcual.doc\">descargar la ficha de datos<\/a>, cumplimentarla y enviarla por correo electr\u00f3nico a: <a href=\"mailto:grupohipnosis@cop.es\">grupohipnosis@cop.es<\/a>.<\/p>\n<p style=\"text-align: justify;\">\n","protected":false},"excerpt":{"rendered":"<p>Cualquier profesional cualificado que desee ser incluido puede enviar sus datos. Los requisitos m\u00ednimos para su inclusi\u00f3n son: &nbsp; Ser, al menos, licenciado en la carrera que le habilita para ejercer en el campo en el que est\u00e1 utilizando la hipnosis. Haber cursado estudios de hipnosis con base cient\u00edfica, preferiblemente en los Colegios Oficiales de &hellip;<\/p>\n","protected":false},"author":12,"featured_media":0,"parent":29,"menu_order":2,"comment_status":"closed","ping_status":"closed","template":"","meta":{"footnotes":""},"categories":[],"tags":[],"class_list":["post-988","page","type-page","status-publish","hentry"],"_links":{"self":[{"href":"https:\/\/www.grupohipnosiscopcv.es\/wordpress\/wp-json\/wp\/v2\/pages\/988","targetHints":{"allow":["GET"]}}],"collection":[{"href":"https:\/\/www.grupohipnosiscopcv.es\/wordpress\/wp-json\/wp\/v2\/pages"}],"about":[{"href":"https:\/\/www.grupohipnosiscopcv.es\/wordpress\/wp-json\/wp\/v2\/types\/page"}],"author":[{"embeddable":true,"href":"https:\/\/www.grupohipnosiscopcv.es\/wordpress\/wp-json\/wp\/v2\/users\/12"}],"replies":[{"embeddable":true,"href":"https:\/\/www.grupohipnosiscopcv.es\/wordpress\/wp-json\/wp\/v2\/comments?post=988"}],"version-history":[{"count":13,"href":"https:\/\/www.grupohipnosiscopcv.es\/wordpress\/wp-json\/wp\/v2\/pages\/988\/revisions"}],"predecessor-version":[{"id":2361,"href":"https:\/\/www.grupohipnosiscopcv.es\/wordpress\/wp-json\/wp\/v2\/pages\/988\/revisions\/2361"}],"up":[{"embeddable":true,"href":"https:\/\/www.grupohipnosiscopcv.es\/wordpress\/wp-json\/wp\/v2\/pages\/29"}],"wp:attachment":[{"href":"https:\/\/www.grupohipnosiscopcv.es\/wordpress\/wp-json\/wp\/v2\/media?parent=988"}],"wp:term":[{"taxonomy":"category","embeddable":true,"href":"https:\/\/www.grupohipnosiscopcv.es\/wordpress\/wp-json\/wp\/v2\/categories?post=988"},{"taxonomy":"post_tag","embeddable":true,"href":"https:\/\/www.grupohipnosiscopcv.es\/wordpress\/wp-json\/wp\/v2\/tags?post=988"}],"curies":[{"name":"wp","href":"https:\/\/api.w.org\/{rel}","templated":true}]}}