{"id":843,"date":"2010-11-07T17:05:43","date_gmt":"2010-11-07T16:05:43","guid":{"rendered":"http:\/\/www.grupohipnosiscopcv.es\/wordpress\/"},"modified":"2010-12-07T10:25:08","modified_gmt":"2010-12-07T09:25:08","slug":"medios-de-comunicacion","status":"publish","type":"page","link":"https:\/\/www.grupohipnosiscopcv.es\/wordpress\/informacion-para-usuarios\/medios-de-comunicacion\/","title":{"rendered":"La hipnosis en los medios"},"content":{"rendered":"<p>En este  apartado se ir\u00e1n incluyendo fichas de programas de televisi\u00f3n, radio y art\u00edculos de prensa donde aparece,  de alguna forma, la hipnosis, con un breve comentario del Grupo de Trabajo de Hipnosis Psicol\u00f3gica, si procede,  sobre los mitos que fomenta el tratamiento que se ha dado al tema.<\/p>\n<p>Si conoce alg\u00fan programa de televisi\u00f3n, radio o art\u00edculo de prensa que haya tratado la hipnosis, aunque sea brevemente, agradeceremos que nos comunique, por  <a href=\"mailto:grupohipnosis@cop.es\">correo electr\u00f3nico<\/a>, el mayor n\u00famero de detalles que recuerde.<\/p>\n<ul>\n<li><a href=\"http:\/\/www.grupohipnosiscopcv.es\/wordpress\/informacion-para-usuarios\/medios-de-comunicacion\/programas-de-television\/\">Programas de televisi\u00f3n<\/a><\/li>\n<li><a href=\"http:\/\/www.grupohipnosiscopcv.es\/wordpress\/informacion-para-usuarios\/medios-de-comunicacion\/programas-de-radio\/\">Programas de radio<\/a><\/li>\n<li><a href=\"http:\/\/www.grupohipnosiscopcv.es\/wordpress\/informacion-para-usuarios\/medios-de-comunicacion\/articulos-de-prensa\/\">Art\u00edculos de prensa<\/a><\/li>\n<\/ul>\n","protected":false},"excerpt":{"rendered":"<p>En este apartado se ir\u00e1n incluyendo fichas de programas de televisi\u00f3n, radio y art\u00edculos de prensa donde aparece, de alguna forma, la hipnosis, con un breve comentario del Grupo de Trabajo de Hipnosis Psicol\u00f3gica, si procede, sobre los mitos que fomenta el tratamiento que se ha dado al tema. Si conoce alg\u00fan programa de televisi\u00f3n, &hellip;<\/p>\n","protected":false},"author":12,"featured_media":0,"parent":27,"menu_order":17,"comment_status":"closed","ping_status":"closed","template":"","meta":{"footnotes":""},"categories":[],"tags":[],"class_list":["post-843","page","type-page","status-publish","hentry"],"_links":{"self":[{"href":"https:\/\/www.grupohipnosiscopcv.es\/wordpress\/wp-json\/wp\/v2\/pages\/843","targetHints":{"allow":["GET"]}}],"collection":[{"href":"https:\/\/www.grupohipnosiscopcv.es\/wordpress\/wp-json\/wp\/v2\/pages"}],"about":[{"href":"https:\/\/www.grupohipnosiscopcv.es\/wordpress\/wp-json\/wp\/v2\/types\/page"}],"author":[{"embeddable":true,"href":"https:\/\/www.grupohipnosiscopcv.es\/wordpress\/wp-json\/wp\/v2\/users\/12"}],"replies":[{"embeddable":true,"href":"https:\/\/www.grupohipnosiscopcv.es\/wordpress\/wp-json\/wp\/v2\/comments?post=843"}],"version-history":[{"count":12,"href":"https:\/\/www.grupohipnosiscopcv.es\/wordpress\/wp-json\/wp\/v2\/pages\/843\/revisions"}],"predecessor-version":[{"id":2321,"href":"https:\/\/www.grupohipnosiscopcv.es\/wordpress\/wp-json\/wp\/v2\/pages\/843\/revisions\/2321"}],"up":[{"embeddable":true,"href":"https:\/\/www.grupohipnosiscopcv.es\/wordpress\/wp-json\/wp\/v2\/pages\/27"}],"wp:attachment":[{"href":"https:\/\/www.grupohipnosiscopcv.es\/wordpress\/wp-json\/wp\/v2\/media?parent=843"}],"wp:term":[{"taxonomy":"category","embeddable":true,"href":"https:\/\/www.grupohipnosiscopcv.es\/wordpress\/wp-json\/wp\/v2\/categories?post=843"},{"taxonomy":"post_tag","embeddable":true,"href":"https:\/\/www.grupohipnosiscopcv.es\/wordpress\/wp-json\/wp\/v2\/tags?post=843"}],"curies":[{"name":"wp","href":"https:\/\/api.w.org\/{rel}","templated":true}]}}