{"id":64,"date":"2010-01-31T12:19:51","date_gmt":"2010-01-31T11:19:51","guid":{"rendered":"http:\/\/www.grupohipnosiscopcv.es\/wordpress\/?page_id=64"},"modified":"2012-01-28T20:56:45","modified_gmt":"2012-01-28T19:56:45","slug":"denuncias","status":"publish","type":"page","link":"https:\/\/www.grupohipnosiscopcv.es\/wordpress\/actividades-del-grupo-de-trabajo-de-hipnosis-psicologica\/denuncias\/","title":{"rendered":"Denuncias"},"content":{"rendered":"<p>Si conoce alguna persona, profesional, grupo, asociaci\u00f3n, etc. que apliquen la hipnosis de una forma que usted considere inadecuada, puede escribirnos un correo electr\u00f3nico indic\u00e1ndonos todos los datos que conozca para que podamos indagar sobre el caso y comprobar si se est\u00e1 haciendo un uso indebido de la hipnosis.<\/p>\n<p>En caso de comprobar que la denuncia efectuada es correcta, se proceder\u00e1 a tomar aquellas medidas legales que\u00a0 se consideren oportunas para frenar la actividad denunciada.<\/p>\n<p>Si desea informar directamente al Colegio Oficial de Psic\u00f3logos o al Colegio Oficial de M\u00e9dicos que correspondan, sobre alg\u00fan posible caso de intrusismo profesional, puede encontrar sus datos de contacto en los siguientes enlaces:<\/p>\n<p><a href=\"http:\/\/www.cop.es\/vernumero.asp?id=69\" target=\"_blank\">Colegios Oficiales de Psic\u00f3logos<\/a><\/p>\n<p><a href=\"http:\/\/www.cgcom.org\/colegios\" target=\"_blank\">Colegios Oficiales de M\u00e9dicos<\/a><\/p>\n","protected":false},"excerpt":{"rendered":"<p>Si conoce alguna persona, profesional, grupo, asociaci\u00f3n, etc. que apliquen la hipnosis de una forma que usted considere inadecuada, puede escribirnos un correo electr\u00f3nico indic\u00e1ndonos todos los datos que conozca para que podamos indagar sobre el caso y comprobar si se est\u00e1 haciendo un uso indebido de la hipnosis. En caso de comprobar que la &hellip;<\/p>\n","protected":false},"author":12,"featured_media":0,"parent":89,"menu_order":5,"comment_status":"closed","ping_status":"closed","template":"","meta":{"footnotes":""},"categories":[10],"tags":[],"class_list":["post-64","page","type-page","status-publish","hentry","category-noticias"],"_links":{"self":[{"href":"https:\/\/www.grupohipnosiscopcv.es\/wordpress\/wp-json\/wp\/v2\/pages\/64","targetHints":{"allow":["GET"]}}],"collection":[{"href":"https:\/\/www.grupohipnosiscopcv.es\/wordpress\/wp-json\/wp\/v2\/pages"}],"about":[{"href":"https:\/\/www.grupohipnosiscopcv.es\/wordpress\/wp-json\/wp\/v2\/types\/page"}],"author":[{"embeddable":true,"href":"https:\/\/www.grupohipnosiscopcv.es\/wordpress\/wp-json\/wp\/v2\/users\/12"}],"replies":[{"embeddable":true,"href":"https:\/\/www.grupohipnosiscopcv.es\/wordpress\/wp-json\/wp\/v2\/comments?post=64"}],"version-history":[{"count":10,"href":"https:\/\/www.grupohipnosiscopcv.es\/wordpress\/wp-json\/wp\/v2\/pages\/64\/revisions"}],"predecessor-version":[{"id":1518,"href":"https:\/\/www.grupohipnosiscopcv.es\/wordpress\/wp-json\/wp\/v2\/pages\/64\/revisions\/1518"}],"up":[{"embeddable":true,"href":"https:\/\/www.grupohipnosiscopcv.es\/wordpress\/wp-json\/wp\/v2\/pages\/89"}],"wp:attachment":[{"href":"https:\/\/www.grupohipnosiscopcv.es\/wordpress\/wp-json\/wp\/v2\/media?parent=64"}],"wp:term":[{"taxonomy":"category","embeddable":true,"href":"https:\/\/www.grupohipnosiscopcv.es\/wordpress\/wp-json\/wp\/v2\/categories?post=64"},{"taxonomy":"post_tag","embeddable":true,"href":"https:\/\/www.grupohipnosiscopcv.es\/wordpress\/wp-json\/wp\/v2\/tags?post=64"}],"curies":[{"name":"wp","href":"https:\/\/api.w.org\/{rel}","templated":true}]}}