{"id":603,"date":"2010-05-11T12:30:26","date_gmt":"2010-05-11T11:30:26","guid":{"rendered":"http:\/\/www.grupohipnosiscopcv.es\/wordpress\/?page_id=603"},"modified":"2013-08-20T23:02:04","modified_gmt":"2013-08-20T22:02:04","slug":"serrano-canon-jose-carlos","status":"publish","type":"page","link":"https:\/\/www.grupohipnosiscopcv.es\/wordpress\/informacion-para-usuarios\/profesionales-cualificados\/serrano-canon-jose-carlos\/","title":{"rendered":"Serrano Can\u00f3n, Jos\u00e9 Carlos"},"content":{"rendered":"<p><strong>Titulaci\u00f3n universitaria:<\/strong><\/p>\n<p>Licenciado en Psicolog\u00eda.<\/p>\n<p><strong>Colegiado:<\/strong><\/p>\n<p>AO-1456<\/p>\n<p><strong>Titulaci\u00f3n o estudios de hipnosis:<\/strong><\/p>\n<p>Especialista Universitario en Hipnosis Cl\u00ednica por la UNED.<\/p>\n<p><strong>Temas que trata:<\/strong><\/p>\n<p>Trastornos de ansiedad, estado de \u00e1nimo, problemas psicosom\u00e1ticos y parejas.<\/p>\n<p><strong>Datos de contacto:<\/strong><\/p>\n<p>GABINETE PSICOBULEIA<\/p>\n<p>C\/ Jos\u00e9 Recuerda n\u00ba 4, 5\u00ba D<\/p>\n<p>Granada (Espa\u00f1a)<\/p>\n<p>Tel\u00e9fono: 958 266 609<\/p>\n<p>M\u00f3vil: 667 706 784<\/p>\n","protected":false},"excerpt":{"rendered":"<p>Titulaci\u00f3n universitaria: Licenciado en Psicolog\u00eda. Colegiado: AO-1456 Titulaci\u00f3n o estudios de hipnosis: Especialista Universitario en Hipnosis Cl\u00ednica por la UNED. Temas que trata: Trastornos de ansiedad, estado de \u00e1nimo, problemas psicosom\u00e1ticos y parejas. Datos de contacto: GABINETE PSICOBULEIA C\/ Jos\u00e9 Recuerda n\u00ba 4, 5\u00ba D Granada (Espa\u00f1a) Tel\u00e9fono: 958 266 609 M\u00f3vil: 667 706 784<\/p>\n","protected":false},"author":12,"featured_media":0,"parent":38,"menu_order":150,"comment_status":"closed","ping_status":"closed","template":"","meta":{"footnotes":""},"categories":[10],"tags":[],"class_list":["post-603","page","type-page","status-publish","hentry","category-noticias"],"_links":{"self":[{"href":"https:\/\/www.grupohipnosiscopcv.es\/wordpress\/wp-json\/wp\/v2\/pages\/603","targetHints":{"allow":["GET"]}}],"collection":[{"href":"https:\/\/www.grupohipnosiscopcv.es\/wordpress\/wp-json\/wp\/v2\/pages"}],"about":[{"href":"https:\/\/www.grupohipnosiscopcv.es\/wordpress\/wp-json\/wp\/v2\/types\/page"}],"author":[{"embeddable":true,"href":"https:\/\/www.grupohipnosiscopcv.es\/wordpress\/wp-json\/wp\/v2\/users\/12"}],"replies":[{"embeddable":true,"href":"https:\/\/www.grupohipnosiscopcv.es\/wordpress\/wp-json\/wp\/v2\/comments?post=603"}],"version-history":[{"count":4,"href":"https:\/\/www.grupohipnosiscopcv.es\/wordpress\/wp-json\/wp\/v2\/pages\/603\/revisions"}],"predecessor-version":[{"id":2078,"href":"https:\/\/www.grupohipnosiscopcv.es\/wordpress\/wp-json\/wp\/v2\/pages\/603\/revisions\/2078"}],"up":[{"embeddable":true,"href":"https:\/\/www.grupohipnosiscopcv.es\/wordpress\/wp-json\/wp\/v2\/pages\/38"}],"wp:attachment":[{"href":"https:\/\/www.grupohipnosiscopcv.es\/wordpress\/wp-json\/wp\/v2\/media?parent=603"}],"wp:term":[{"taxonomy":"category","embeddable":true,"href":"https:\/\/www.grupohipnosiscopcv.es\/wordpress\/wp-json\/wp\/v2\/categories?post=603"},{"taxonomy":"post_tag","embeddable":true,"href":"https:\/\/www.grupohipnosiscopcv.es\/wordpress\/wp-json\/wp\/v2\/tags?post=603"}],"curies":[{"name":"wp","href":"https:\/\/api.w.org\/{rel}","templated":true}]}}