{"id":553,"date":"2010-05-11T11:51:09","date_gmt":"2010-05-11T10:51:09","guid":{"rendered":"http:\/\/www.grupohipnosiscopcv.es\/wordpress\/?page_id=553"},"modified":"2013-08-20T23:02:03","modified_gmt":"2013-08-20T22:02:03","slug":"laga-gamon-rita","status":"publish","type":"page","link":"https:\/\/www.grupohipnosiscopcv.es\/wordpress\/informacion-para-usuarios\/profesionales-cualificados\/laga-gamon-rita\/","title":{"rendered":"Laga Gam\u00f3n, Rita"},"content":{"rendered":"<p><strong>Titulaci\u00f3n universitaria:<\/strong><\/p>\n<p>Psic\u00f3loga.<\/p>\n<p><strong>Colegiado:<\/strong><\/p>\n<p>A-1206\u00a0 Colegio Profesional de Psic\u00f3logos de Arag\u00f3n<\/p>\n<p><strong>Titulaci\u00f3n o estudios de hipnosis:<\/strong><\/p>\n<p>Experto en Hipnosis Cl\u00ednica y Relajaci\u00f3n (Roberto Aguado) dentro del Master en Psicoterapia de Tiempo Limitado y Psicolog\u00eda de la  Salud.<\/p>\n<p><strong>Datos de contacto:<\/strong><\/p>\n<p>Zaragoza (Espa\u00f1a)<\/p>\n<p>Tel\u00e9fonos:\u00a0976 165 445 &#8211; 616 848 898<\/p>\n<p>E-mail: <a href=\"mailto:ritalaga@terra.es\">ritalaga@terra.es<\/a><\/p>\n","protected":false},"excerpt":{"rendered":"<p>Titulaci\u00f3n universitaria: Psic\u00f3loga. Colegiado: A-1206\u00a0 Colegio Profesional de Psic\u00f3logos de Arag\u00f3n Titulaci\u00f3n o estudios de hipnosis: Experto en Hipnosis Cl\u00ednica y Relajaci\u00f3n (Roberto Aguado) dentro del Master en Psicoterapia de Tiempo Limitado y Psicolog\u00eda de la Salud. Datos de contacto: Zaragoza (Espa\u00f1a) Tel\u00e9fonos:\u00a0976 165 445 &#8211; 616 848 898 E-mail: ritalaga@terra.es<\/p>\n","protected":false},"author":12,"featured_media":0,"parent":38,"menu_order":98,"comment_status":"closed","ping_status":"closed","template":"","meta":{"footnotes":""},"categories":[10],"tags":[],"class_list":["post-553","page","type-page","status-publish","hentry","category-noticias"],"_links":{"self":[{"href":"https:\/\/www.grupohipnosiscopcv.es\/wordpress\/wp-json\/wp\/v2\/pages\/553","targetHints":{"allow":["GET"]}}],"collection":[{"href":"https:\/\/www.grupohipnosiscopcv.es\/wordpress\/wp-json\/wp\/v2\/pages"}],"about":[{"href":"https:\/\/www.grupohipnosiscopcv.es\/wordpress\/wp-json\/wp\/v2\/types\/page"}],"author":[{"embeddable":true,"href":"https:\/\/www.grupohipnosiscopcv.es\/wordpress\/wp-json\/wp\/v2\/users\/12"}],"replies":[{"embeddable":true,"href":"https:\/\/www.grupohipnosiscopcv.es\/wordpress\/wp-json\/wp\/v2\/comments?post=553"}],"version-history":[{"count":4,"href":"https:\/\/www.grupohipnosiscopcv.es\/wordpress\/wp-json\/wp\/v2\/pages\/553\/revisions"}],"predecessor-version":[{"id":2050,"href":"https:\/\/www.grupohipnosiscopcv.es\/wordpress\/wp-json\/wp\/v2\/pages\/553\/revisions\/2050"}],"up":[{"embeddable":true,"href":"https:\/\/www.grupohipnosiscopcv.es\/wordpress\/wp-json\/wp\/v2\/pages\/38"}],"wp:attachment":[{"href":"https:\/\/www.grupohipnosiscopcv.es\/wordpress\/wp-json\/wp\/v2\/media?parent=553"}],"wp:term":[{"taxonomy":"category","embeddable":true,"href":"https:\/\/www.grupohipnosiscopcv.es\/wordpress\/wp-json\/wp\/v2\/categories?post=553"},{"taxonomy":"post_tag","embeddable":true,"href":"https:\/\/www.grupohipnosiscopcv.es\/wordpress\/wp-json\/wp\/v2\/tags?post=553"}],"curies":[{"name":"wp","href":"https:\/\/api.w.org\/{rel}","templated":true}]}}