{"id":537,"date":"2010-05-11T11:33:24","date_gmt":"2010-05-11T10:33:24","guid":{"rendered":"http:\/\/www.grupohipnosiscopcv.es\/wordpress\/?page_id=537"},"modified":"2013-08-20T23:02:03","modified_gmt":"2013-08-20T22:02:03","slug":"ferra-minarro-juan-carlos","status":"publish","type":"page","link":"https:\/\/www.grupohipnosiscopcv.es\/wordpress\/informacion-para-usuarios\/profesionales-cualificados\/ferra-minarro-juan-carlos\/","title":{"rendered":"Ferra Mi\u00f1arro, Juan Carlos"},"content":{"rendered":"<p><strong>Titulaci\u00f3n universitaria:<\/strong><\/p>\n<p>Psic\u00f3logo Cl\u00ednico<\/p>\n<p><strong>Colegiado:<\/strong><\/p>\n<p>MU-0585<\/p>\n<p><strong>Titulaci\u00f3n o estudios de hipnosis:<\/strong><\/p>\n<p>Hipnosis y profundizaci\u00f3n en t\u00e9cnicas de hipnosis, impartido por el profesor Dr. Gonz\u00e1lez Ordi a trav\u00e9s del COP (Murcia, 1997)<\/p>\n<p>Especialista Universitario en Hipnosis Cl\u00ednica (UNED, 2008)<\/p>\n<p><strong>Temas que trata:<\/strong><\/p>\n<p>Terapia Cognitivo-Conductual en alteraciones emocionales y conductas en adultos.<\/p>\n<p><strong>Datos de contacto: <\/strong><\/p>\n<p>Avda. Juan Carlos I, 63, 1\u00ba B<\/p>\n<p>30800 Lorca &#8211; Murcia (Espa\u00f1a)<\/p>\n<p>Tel\u00e9fonos: 968 468 690 &#8211; 609 550 332<\/p>\n<p>E-mail: <a href=\"mailto:psicologiaclinica@ono.com\">psicologiaclinica@ono.com<\/a> \u2013 <a href=\"mailto:psicoterapia@ono.com\">psicoterapia@ono.com<\/a><\/p>\n","protected":false},"excerpt":{"rendered":"<p>Titulaci\u00f3n universitaria: Psic\u00f3logo Cl\u00ednico Colegiado: MU-0585 Titulaci\u00f3n o estudios de hipnosis: Hipnosis y profundizaci\u00f3n en t\u00e9cnicas de hipnosis, impartido por el profesor Dr. Gonz\u00e1lez Ordi a trav\u00e9s del COP (Murcia, 1997) Especialista Universitario en Hipnosis Cl\u00ednica (UNED, 2008) Temas que trata: Terapia Cognitivo-Conductual en alteraciones emocionales y conductas en adultos. Datos de contacto: Avda. Juan &hellip;<\/p>\n","protected":false},"author":12,"featured_media":0,"parent":38,"menu_order":85,"comment_status":"closed","ping_status":"closed","template":"","meta":{"footnotes":""},"categories":[10],"tags":[],"class_list":["post-537","page","type-page","status-publish","hentry","category-noticias"],"_links":{"self":[{"href":"https:\/\/www.grupohipnosiscopcv.es\/wordpress\/wp-json\/wp\/v2\/pages\/537","targetHints":{"allow":["GET"]}}],"collection":[{"href":"https:\/\/www.grupohipnosiscopcv.es\/wordpress\/wp-json\/wp\/v2\/pages"}],"about":[{"href":"https:\/\/www.grupohipnosiscopcv.es\/wordpress\/wp-json\/wp\/v2\/types\/page"}],"author":[{"embeddable":true,"href":"https:\/\/www.grupohipnosiscopcv.es\/wordpress\/wp-json\/wp\/v2\/users\/12"}],"replies":[{"embeddable":true,"href":"https:\/\/www.grupohipnosiscopcv.es\/wordpress\/wp-json\/wp\/v2\/comments?post=537"}],"version-history":[{"count":4,"href":"https:\/\/www.grupohipnosiscopcv.es\/wordpress\/wp-json\/wp\/v2\/pages\/537\/revisions"}],"predecessor-version":[{"id":2041,"href":"https:\/\/www.grupohipnosiscopcv.es\/wordpress\/wp-json\/wp\/v2\/pages\/537\/revisions\/2041"}],"up":[{"embeddable":true,"href":"https:\/\/www.grupohipnosiscopcv.es\/wordpress\/wp-json\/wp\/v2\/pages\/38"}],"wp:attachment":[{"href":"https:\/\/www.grupohipnosiscopcv.es\/wordpress\/wp-json\/wp\/v2\/media?parent=537"}],"wp:term":[{"taxonomy":"category","embeddable":true,"href":"https:\/\/www.grupohipnosiscopcv.es\/wordpress\/wp-json\/wp\/v2\/categories?post=537"},{"taxonomy":"post_tag","embeddable":true,"href":"https:\/\/www.grupohipnosiscopcv.es\/wordpress\/wp-json\/wp\/v2\/tags?post=537"}],"curies":[{"name":"wp","href":"https:\/\/api.w.org\/{rel}","templated":true}]}}