{"id":521,"date":"2010-05-11T10:49:13","date_gmt":"2010-05-11T09:49:13","guid":{"rendered":"http:\/\/www.grupohipnosiscopcv.es\/wordpress\/?page_id=521"},"modified":"2013-08-20T23:02:02","modified_gmt":"2013-08-20T22:02:02","slug":"cruz-suarez-s-jorge","status":"publish","type":"page","link":"https:\/\/www.grupohipnosiscopcv.es\/wordpress\/informacion-para-usuarios\/profesionales-cualificados\/cruz-suarez-s-jorge\/","title":{"rendered":"Cruz Su\u00e1rez, S. Jorge"},"content":{"rendered":"<p><strong>Titulaci\u00f3n universitaria:<\/strong><\/p>\n<p>Licenciado en Medicina y Cirug\u00eda.<\/p>\n<p>Master Universitario en Educaci\u00f3n para la  Salud.<\/p>\n<p>Master Universitario en Medicina Naturista.<\/p>\n<p><strong>Colegiado:<\/strong><\/p>\n<p>35\/35\/04502\u00a0 Ilustre Colegio Oficial de M\u00e9dicos de Las Palmas.<\/p>\n<p><strong>Titulaci\u00f3n o estudios de hipnosis:<\/strong><\/p>\n<p>Especialista Universitario en Hipnosis Cl\u00ednica por la UNED.<\/p>\n<p><strong>Temas que trata:<\/strong><\/p>\n<p>Estados de ansiedad, fobias, insomnio, adicciones, anorexia, bulimia, obesidad, colon irritable, cefaleas o migra\u00f1as, asma, dermatitis, dolor rebelde o recurrente, etc.<\/p>\n<p><strong>Datos de contacto:<\/strong><\/p>\n<p>Bio Drago T.I.S. Taller Integral de Salud<\/p>\n<p>C\/ 25 de Julio, 47<\/p>\n<p>35460 G\u00e1ldar &#8211; Las Palmas de Gran Canaria (Espa\u00f1a)<\/p>\n<p>Tel\u00e9fonos: 928 88 17 85 &#8211; 679 495 707<\/p>\n<p>E-mail: <a href=\"mailto:informacion@biodrago.com\">informacion@biodrago.com<\/a><\/p>\n<p><strong>Otros datos:<\/strong><\/p>\n<p><a href=\"http:\/\/biodrago.com\/\">http:\/\/www.biodrago.com<\/a><\/p>\n","protected":false},"excerpt":{"rendered":"<p>Titulaci\u00f3n universitaria: Licenciado en Medicina y Cirug\u00eda. Master Universitario en Educaci\u00f3n para la Salud. Master Universitario en Medicina Naturista. Colegiado: 35\/35\/04502\u00a0 Ilustre Colegio Oficial de M\u00e9dicos de Las Palmas. Titulaci\u00f3n o estudios de hipnosis: Especialista Universitario en Hipnosis Cl\u00ednica por la UNED. Temas que trata: Estados de ansiedad, fobias, insomnio, adicciones, anorexia, bulimia, obesidad, colon &hellip;<\/p>\n","protected":false},"author":12,"featured_media":0,"parent":38,"menu_order":65,"comment_status":"closed","ping_status":"closed","template":"","meta":{"footnotes":""},"categories":[10],"tags":[],"class_list":["post-521","page","type-page","status-publish","hentry","category-noticias"],"_links":{"self":[{"href":"https:\/\/www.grupohipnosiscopcv.es\/wordpress\/wp-json\/wp\/v2\/pages\/521","targetHints":{"allow":["GET"]}}],"collection":[{"href":"https:\/\/www.grupohipnosiscopcv.es\/wordpress\/wp-json\/wp\/v2\/pages"}],"about":[{"href":"https:\/\/www.grupohipnosiscopcv.es\/wordpress\/wp-json\/wp\/v2\/types\/page"}],"author":[{"embeddable":true,"href":"https:\/\/www.grupohipnosiscopcv.es\/wordpress\/wp-json\/wp\/v2\/users\/12"}],"replies":[{"embeddable":true,"href":"https:\/\/www.grupohipnosiscopcv.es\/wordpress\/wp-json\/wp\/v2\/comments?post=521"}],"version-history":[{"count":4,"href":"https:\/\/www.grupohipnosiscopcv.es\/wordpress\/wp-json\/wp\/v2\/pages\/521\/revisions"}],"predecessor-version":[{"id":2031,"href":"https:\/\/www.grupohipnosiscopcv.es\/wordpress\/wp-json\/wp\/v2\/pages\/521\/revisions\/2031"}],"up":[{"embeddable":true,"href":"https:\/\/www.grupohipnosiscopcv.es\/wordpress\/wp-json\/wp\/v2\/pages\/38"}],"wp:attachment":[{"href":"https:\/\/www.grupohipnosiscopcv.es\/wordpress\/wp-json\/wp\/v2\/media?parent=521"}],"wp:term":[{"taxonomy":"category","embeddable":true,"href":"https:\/\/www.grupohipnosiscopcv.es\/wordpress\/wp-json\/wp\/v2\/categories?post=521"},{"taxonomy":"post_tag","embeddable":true,"href":"https:\/\/www.grupohipnosiscopcv.es\/wordpress\/wp-json\/wp\/v2\/tags?post=521"}],"curies":[{"name":"wp","href":"https:\/\/api.w.org\/{rel}","templated":true}]}}