{"id":509,"date":"2010-05-06T16:03:12","date_gmt":"2010-05-06T15:03:12","guid":{"rendered":"http:\/\/www.grupohipnosiscopcv.es\/wordpress\/?page_id=509"},"modified":"2012-12-09T23:47:12","modified_gmt":"2012-12-09T22:47:12","slug":"bermejo-mercader-alberto","status":"publish","type":"page","link":"https:\/\/www.grupohipnosiscopcv.es\/wordpress\/informacion-para-usuarios\/profesionales-cualificados\/bermejo-mercader-alberto\/","title":{"rendered":"Bermejo Mercader, Alberto"},"content":{"rendered":"<p><strong>Titulaci\u00f3n universitaria: <\/strong><\/p>\n<p>Licenciado en Psicolog\u00eda Especialidad Cl\u00ednica UNED<\/p>\n<p>Master en Terapia de Conducta (UNED)<\/p>\n<p><strong>Colegiado: <\/strong><\/p>\n<p>CV-04735\u00a0 Colegio Oficial de Psic\u00f3logos de la Comunidad Valenciana<\/p>\n<p><strong>Titulaci\u00f3n o estudios de hipnosis:<\/strong><\/p>\n<p>Diploma en Hipnosis Cl\u00ednica ESTUDIO DE BIOINFORMACI\u00d3N (Valencia) Curso completo.<\/p>\n<p>M\u00f3dulos Hipnosis en M\u00e1ster T. de Conducta (M.A.Vallejo \u2013 H.Gonz\u00e1lez Ord\u00ed)<\/p>\n<p>Hipnosis Cl\u00ednica II Curso Avanzado \u2013 H.Gonz\u00e1lez Ord\u00ed (COP Madrid).<\/p>\n<p>\u00abHipnoterapia Cognitiva\u00bb. Prof. Thomas Dowd. XXX Congreso EABCT.Granada (2000).<\/p>\n<p>\u201cAfrontamiento, reducci\u00f3n y prevenci\u00f3n del estr\u00e9s\u201d: T\u00e9cnicas de relajaci\u00f3n e hipnoterapia. Docente: Dr. Meter H. Hawkings, Universidad de Sunderland. Reino Unido. Congreso Estr\u00e9s Salud y Calidad de Vida<\/p>\n<p>Symposium Nacional Sobre Hipnosis y Psicolog\u00eda Cl\u00ednica. Fuentes, usos y abusos de la\u00a0 Hipnosis en Psicolog\u00eda Cl\u00ednica. Almer\u00eda. (10\/11 Marzo de 2000).<\/p>\n<p>X Jornadas Profesionales del Colegio Oficial de Psicologos del Pa\u00eds Valenciano. Marzo 2003: \u201cUna perspectiva cient\u00edfica sobre la hipnosis\u201d. Valencia.<\/p>\n<p><strong>Temas que trata: <\/strong><\/p>\n<p>Psicolog\u00eda Cl\u00ednica ADULTOS, desde un enfoque cognitivo-comportamental.<\/p>\n<p><strong>Datos de contacto: <\/strong><\/p>\n<p>Gabinete de Psicolog\u00eda EIDOS (Alicante)<\/p>\n<p>C\/ Luis Braille, 18 \u2013 Esc. 4 \u2013 3\u00baB<\/p>\n<p>03010 Alicante (Espa\u00f1a)<\/p>\n<p>Tel\u00e9fonos: 965249776\u00a0 &#8211; 629667213<\/p>\n<p><a href=\"http:\/\/www.psicologos.eu\/\">http:\/\/www.psicologos.eu<\/a><\/p>\n<p>E-mail: abermejo@cop.es<\/p>\n<p><strong>Otros datos: <\/strong><\/p>\n<p>Diversos art\u00edculos publicados sobre Hipnosis y Modificaci\u00f3n de Conducta en diversos medios cient\u00edficos e Internet, diversas comunicaciones sobre hipnosis en diversos congresos de Psicolog\u00eda Cl\u00ednica, participaci\u00f3n en Symposiums, edici\u00f3n dos monograf\u00edas sobre el tema para los alumnos de sus cursos.<\/p>\n<p>Entre los a\u00f1os 2000-2003 ha organizado diversos talleres de formaci\u00f3n en Hipnosis Cl\u00ednica en el Gabinete de Psicolog\u00eda EIDOS para grupos peque\u00f1os.<\/p>\n<p>Ha impartido el curso: \u201cAspectos Pr\u00e1cticos de Psicolog\u00eda: Abordaje del Dolor\u201d. (32 horas). Organizado por el Instituto de Ciencias de la Salud de Castilla-La Mancha. Talavera de la Reina. 1, 2, 3 y 4 de Octubre de 2002 (con \u00e9nfasis en las soluciones hipnosugestivas).<\/p>\n<p>Docente colaborador del MASTER EN TERAPIA DE CONDUCTA.<\/p>\n<p>Miembro de la Sociedad Espa\u00f1ola de Ansiedad y Estr\u00e9s (SEAS) y de la SEPCyS (Sociedad Espa\u00f1ola de Psicolog\u00eda Cl\u00ednica y de la Salud).<\/p>\n","protected":false},"excerpt":{"rendered":"<p>Titulaci\u00f3n universitaria: Licenciado en Psicolog\u00eda Especialidad Cl\u00ednica UNED Master en Terapia de Conducta (UNED) Colegiado: CV-04735\u00a0 Colegio Oficial de Psic\u00f3logos de la Comunidad Valenciana Titulaci\u00f3n o estudios de hipnosis: Diploma en Hipnosis Cl\u00ednica ESTUDIO DE BIOINFORMACI\u00d3N (Valencia) Curso completo. M\u00f3dulos Hipnosis en M\u00e1ster T. de Conducta (M.A.Vallejo \u2013 H.Gonz\u00e1lez Ord\u00ed) Hipnosis Cl\u00ednica II Curso Avanzado &hellip;<\/p>\n","protected":false},"author":12,"featured_media":0,"parent":38,"menu_order":52,"comment_status":"closed","ping_status":"closed","template":"","meta":{"footnotes":""},"categories":[10],"tags":[],"class_list":["post-509","page","type-page","status-publish","hentry","category-noticias"],"_links":{"self":[{"href":"https:\/\/www.grupohipnosiscopcv.es\/wordpress\/wp-json\/wp\/v2\/pages\/509","targetHints":{"allow":["GET"]}}],"collection":[{"href":"https:\/\/www.grupohipnosiscopcv.es\/wordpress\/wp-json\/wp\/v2\/pages"}],"about":[{"href":"https:\/\/www.grupohipnosiscopcv.es\/wordpress\/wp-json\/wp\/v2\/types\/page"}],"author":[{"embeddable":true,"href":"https:\/\/www.grupohipnosiscopcv.es\/wordpress\/wp-json\/wp\/v2\/users\/12"}],"replies":[{"embeddable":true,"href":"https:\/\/www.grupohipnosiscopcv.es\/wordpress\/wp-json\/wp\/v2\/comments?post=509"}],"version-history":[{"count":4,"href":"https:\/\/www.grupohipnosiscopcv.es\/wordpress\/wp-json\/wp\/v2\/pages\/509\/revisions"}],"predecessor-version":[{"id":2024,"href":"https:\/\/www.grupohipnosiscopcv.es\/wordpress\/wp-json\/wp\/v2\/pages\/509\/revisions\/2024"}],"up":[{"embeddable":true,"href":"https:\/\/www.grupohipnosiscopcv.es\/wordpress\/wp-json\/wp\/v2\/pages\/38"}],"wp:attachment":[{"href":"https:\/\/www.grupohipnosiscopcv.es\/wordpress\/wp-json\/wp\/v2\/media?parent=509"}],"wp:term":[{"taxonomy":"category","embeddable":true,"href":"https:\/\/www.grupohipnosiscopcv.es\/wordpress\/wp-json\/wp\/v2\/categories?post=509"},{"taxonomy":"post_tag","embeddable":true,"href":"https:\/\/www.grupohipnosiscopcv.es\/wordpress\/wp-json\/wp\/v2\/tags?post=509"}],"curies":[{"name":"wp","href":"https:\/\/api.w.org\/{rel}","templated":true}]}}