{"id":2333,"date":"2016-04-27T18:42:18","date_gmt":"2016-04-27T17:42:18","guid":{"rendered":"http:\/\/www.grupohipnosiscopcv.es\/wordpress\/?page_id=2333"},"modified":"2016-04-27T19:22:07","modified_gmt":"2016-04-27T18:22:07","slug":"duran-salido-rafael","status":"publish","type":"page","link":"https:\/\/www.grupohipnosiscopcv.es\/wordpress\/informacion-para-usuarios\/profesionales-cualificados\/duran-salido-rafael\/","title":{"rendered":"Dur\u00e1n Salido, Rafael"},"content":{"rendered":"<p><strong>Titulaci\u00f3n universitaria:<\/strong><\/p>\n<p>Licenciado en Psicolog\u00eda<\/p>\n<p><strong>Colegiado:<\/strong><\/p>\n<p>AO09944<\/p>\n<p><strong>Titulaci\u00f3n o estudios de hipnosis:<\/strong><\/p>\n<p>Especialista Universitario en Hipnosis Cl\u00ednica (UNED)<\/p>\n<p><strong>Temas que trata:<\/strong><\/p>\n<p>Ansiedad, Depresi\u00f3n, Tabaquismo, Obesidad, Insomnio.<\/p>\n<p><strong>Datos de contacto:<\/strong><\/p>\n<p>Dur\u00e1n Psicolog\u00eda. Pasaje Poeta Rafael Alberti N\u00ba4, 1\u00baE. Ronda<\/p>\n<p>(M\u00e1laga) 952 19 10 70 info@duranpsicologia.com<\/p>\n<p><strong>Otros datos:<\/strong><\/p>\n","protected":false},"excerpt":{"rendered":"<p>Titulaci\u00f3n universitaria: Licenciado en Psicolog\u00eda Colegiado: AO09944 Titulaci\u00f3n o estudios de hipnosis: Especialista Universitario en Hipnosis Cl\u00ednica (UNED) Temas que trata: Ansiedad, Depresi\u00f3n, Tabaquismo, Obesidad, Insomnio. Datos de contacto: Dur\u00e1n Psicolog\u00eda. Pasaje Poeta Rafael Alberti N\u00ba4, 1\u00baE. Ronda (M\u00e1laga) 952 19 10 70 info@duranpsicologia.com Otros datos:<\/p>\n","protected":false},"author":10,"featured_media":0,"parent":38,"menu_order":0,"comment_status":"closed","ping_status":"closed","template":"","meta":{"footnotes":""},"categories":[4],"tags":[],"class_list":["post-2333","page","type-page","status-publish","hentry","category-informacion-para-usuarios"],"_links":{"self":[{"href":"https:\/\/www.grupohipnosiscopcv.es\/wordpress\/wp-json\/wp\/v2\/pages\/2333","targetHints":{"allow":["GET"]}}],"collection":[{"href":"https:\/\/www.grupohipnosiscopcv.es\/wordpress\/wp-json\/wp\/v2\/pages"}],"about":[{"href":"https:\/\/www.grupohipnosiscopcv.es\/wordpress\/wp-json\/wp\/v2\/types\/page"}],"author":[{"embeddable":true,"href":"https:\/\/www.grupohipnosiscopcv.es\/wordpress\/wp-json\/wp\/v2\/users\/10"}],"replies":[{"embeddable":true,"href":"https:\/\/www.grupohipnosiscopcv.es\/wordpress\/wp-json\/wp\/v2\/comments?post=2333"}],"version-history":[{"count":4,"href":"https:\/\/www.grupohipnosiscopcv.es\/wordpress\/wp-json\/wp\/v2\/pages\/2333\/revisions"}],"predecessor-version":[{"id":2390,"href":"https:\/\/www.grupohipnosiscopcv.es\/wordpress\/wp-json\/wp\/v2\/pages\/2333\/revisions\/2390"}],"up":[{"embeddable":true,"href":"https:\/\/www.grupohipnosiscopcv.es\/wordpress\/wp-json\/wp\/v2\/pages\/38"}],"wp:attachment":[{"href":"https:\/\/www.grupohipnosiscopcv.es\/wordpress\/wp-json\/wp\/v2\/media?parent=2333"}],"wp:term":[{"taxonomy":"category","embeddable":true,"href":"https:\/\/www.grupohipnosiscopcv.es\/wordpress\/wp-json\/wp\/v2\/categories?post=2333"},{"taxonomy":"post_tag","embeddable":true,"href":"https:\/\/www.grupohipnosiscopcv.es\/wordpress\/wp-json\/wp\/v2\/tags?post=2333"}],"curies":[{"name":"wp","href":"https:\/\/api.w.org\/{rel}","templated":true}]}}