{"id":2228,"date":"2015-05-15T19:10:49","date_gmt":"2015-05-15T18:10:49","guid":{"rendered":"http:\/\/www.grupohipnosiscopcv.es\/wordpress\/?page_id=2228"},"modified":"2016-05-17T22:00:03","modified_gmt":"2016-05-17T21:00:03","slug":"moleiro-melian-david","status":"publish","type":"page","link":"https:\/\/www.grupohipnosiscopcv.es\/wordpress\/informacion-para-usuarios\/profesionales-cualificados\/moleiro-melian-david\/","title":{"rendered":"Moleiro Meli\u00e1n, David"},"content":{"rendered":"<p><strong>Titulaci\u00f3n universitaria:<\/strong><\/p>\n<p>Licenciado en Psicolog\u00eda<\/p>\n<p><strong>Colegiado:<\/strong><\/p>\n<p>T-1799<\/p>\n<p><strong>Titulaci\u00f3n o estudios de hipnosis:<\/strong><\/p>\n<p>Curso \u201cIntroducci\u00f3n a la hipnosis cl\u00ednica basada en la<\/p>\n<p>evidencia\u201d realizado en el Colegio Oficial de Psicolog\u00eda de Santa Cruz de Tenerife<\/p>\n<p><strong>Temas que trata:<\/strong><\/p>\n<p>Trastornos Ansiedad, Depresi\u00f3n, Terapia de pareja, Enfado Patol\u00f3gico(Control Ira), Deshabituaci\u00f3n Tab\u00e1quica, sobrepeso, Dolor cr\u00f3nico, etc.<\/p>\n<p><strong>Datos de contacto:<\/strong><\/p>\n<p>Centro de Psicolog\u00eda\u00a0y Salud.<\/p>\n<p>C\/ Juan Pablo II, 15, piso 1\u00ba.<\/p>\n<p>C.P. 38004 Santa\u00a0Cruz de Tenerife (Islas Canarias, Espa\u00f1a)<\/p>\n<p>Tel\u00e9fono: 628 347 726<\/p>\n<p>e-mail: davidmoleiro@cop.es<\/p>\n<p><strong>Otros datos:<\/strong><\/p>\n<p>www.davidmoleiropsicologo.es<\/p>\n","protected":false},"excerpt":{"rendered":"<p>Titulaci\u00f3n universitaria: Licenciado en Psicolog\u00eda Colegiado: T-1799 Titulaci\u00f3n o estudios de hipnosis: Curso \u201cIntroducci\u00f3n a la hipnosis cl\u00ednica basada en la evidencia\u201d realizado en el Colegio Oficial de Psicolog\u00eda de Santa Cruz de Tenerife Temas que trata: Trastornos Ansiedad, Depresi\u00f3n, Terapia de pareja, Enfado Patol\u00f3gico(Control Ira), Deshabituaci\u00f3n Tab\u00e1quica, sobrepeso, Dolor cr\u00f3nico, etc. Datos de contacto: &hellip;<\/p>\n","protected":false},"author":10,"featured_media":0,"parent":38,"menu_order":3,"comment_status":"closed","ping_status":"open","template":"","meta":{"footnotes":""},"categories":[],"tags":[],"class_list":["post-2228","page","type-page","status-publish","hentry"],"_links":{"self":[{"href":"https:\/\/www.grupohipnosiscopcv.es\/wordpress\/wp-json\/wp\/v2\/pages\/2228","targetHints":{"allow":["GET"]}}],"collection":[{"href":"https:\/\/www.grupohipnosiscopcv.es\/wordpress\/wp-json\/wp\/v2\/pages"}],"about":[{"href":"https:\/\/www.grupohipnosiscopcv.es\/wordpress\/wp-json\/wp\/v2\/types\/page"}],"author":[{"embeddable":true,"href":"https:\/\/www.grupohipnosiscopcv.es\/wordpress\/wp-json\/wp\/v2\/users\/10"}],"replies":[{"embeddable":true,"href":"https:\/\/www.grupohipnosiscopcv.es\/wordpress\/wp-json\/wp\/v2\/comments?post=2228"}],"version-history":[{"count":4,"href":"https:\/\/www.grupohipnosiscopcv.es\/wordpress\/wp-json\/wp\/v2\/pages\/2228\/revisions"}],"predecessor-version":[{"id":2407,"href":"https:\/\/www.grupohipnosiscopcv.es\/wordpress\/wp-json\/wp\/v2\/pages\/2228\/revisions\/2407"}],"up":[{"embeddable":true,"href":"https:\/\/www.grupohipnosiscopcv.es\/wordpress\/wp-json\/wp\/v2\/pages\/38"}],"wp:attachment":[{"href":"https:\/\/www.grupohipnosiscopcv.es\/wordpress\/wp-json\/wp\/v2\/media?parent=2228"}],"wp:term":[{"taxonomy":"category","embeddable":true,"href":"https:\/\/www.grupohipnosiscopcv.es\/wordpress\/wp-json\/wp\/v2\/categories?post=2228"},{"taxonomy":"post_tag","embeddable":true,"href":"https:\/\/www.grupohipnosiscopcv.es\/wordpress\/wp-json\/wp\/v2\/tags?post=2228"}],"curies":[{"name":"wp","href":"https:\/\/api.w.org\/{rel}","templated":true}]}}