{"id":2155,"date":"2014-05-16T18:52:35","date_gmt":"2014-05-16T17:52:35","guid":{"rendered":"http:\/\/www.grupohipnosiscopcv.es\/wordpress\/?page_id=2155"},"modified":"2014-05-16T18:55:01","modified_gmt":"2014-05-16T17:55:01","slug":"tous-remiro-daniel","status":"publish","type":"page","link":"https:\/\/www.grupohipnosiscopcv.es\/wordpress\/informacion-para-usuarios\/profesionales-cualificados\/tous-remiro-daniel\/","title":{"rendered":"Tous Remiro, Daniel"},"content":{"rendered":"<p><strong>Titulaci\u00f3n universitaria:<\/strong><\/p>\n<p>LICENCIADO EN PSICOLOG\u00cdA (UB)<\/p>\n<p><strong>Colegiado:<\/strong><\/p>\n<p>21048<\/p>\n<p><strong>Titulaci\u00f3n o estudios de hipnosis:<\/strong><\/p>\n<p>POSGRADO EN HIPNOSIS CL\u00cdNICA (UB)<\/p>\n<p><strong>Temas que trata:<\/strong><\/p>\n<p>RELAJACI\u00d3N, ANSIEDAD, MOTIVACI\u00d3N, ALIMENTACI\u00d3N, TABAQUISMO<\/p>\n<p><strong>Datos de contacto:<\/strong><\/p>\n<p>dtousrem@gmail.com<\/p>\n<p><strong>Otros datos:<\/strong><\/p>\n<p>&nbsp;<\/p>\n","protected":false},"excerpt":{"rendered":"<p>Titulaci\u00f3n universitaria: LICENCIADO EN PSICOLOG\u00cdA (UB) Colegiado: 21048 Titulaci\u00f3n o estudios de hipnosis: POSGRADO EN HIPNOSIS CL\u00cdNICA (UB) Temas que trata: RELAJACI\u00d3N, ANSIEDAD, MOTIVACI\u00d3N, ALIMENTACI\u00d3N, TABAQUISMO Datos de contacto: dtousrem@gmail.com Otros datos: &nbsp;<\/p>\n","protected":false},"author":10,"featured_media":0,"parent":38,"menu_order":151,"comment_status":"closed","ping_status":"open","template":"","meta":{"footnotes":""},"categories":[],"tags":[],"class_list":["post-2155","page","type-page","status-publish","hentry"],"_links":{"self":[{"href":"https:\/\/www.grupohipnosiscopcv.es\/wordpress\/wp-json\/wp\/v2\/pages\/2155","targetHints":{"allow":["GET"]}}],"collection":[{"href":"https:\/\/www.grupohipnosiscopcv.es\/wordpress\/wp-json\/wp\/v2\/pages"}],"about":[{"href":"https:\/\/www.grupohipnosiscopcv.es\/wordpress\/wp-json\/wp\/v2\/types\/page"}],"author":[{"embeddable":true,"href":"https:\/\/www.grupohipnosiscopcv.es\/wordpress\/wp-json\/wp\/v2\/users\/10"}],"replies":[{"embeddable":true,"href":"https:\/\/www.grupohipnosiscopcv.es\/wordpress\/wp-json\/wp\/v2\/comments?post=2155"}],"version-history":[{"count":1,"href":"https:\/\/www.grupohipnosiscopcv.es\/wordpress\/wp-json\/wp\/v2\/pages\/2155\/revisions"}],"predecessor-version":[{"id":2156,"href":"https:\/\/www.grupohipnosiscopcv.es\/wordpress\/wp-json\/wp\/v2\/pages\/2155\/revisions\/2156"}],"up":[{"embeddable":true,"href":"https:\/\/www.grupohipnosiscopcv.es\/wordpress\/wp-json\/wp\/v2\/pages\/38"}],"wp:attachment":[{"href":"https:\/\/www.grupohipnosiscopcv.es\/wordpress\/wp-json\/wp\/v2\/media?parent=2155"}],"wp:term":[{"taxonomy":"category","embeddable":true,"href":"https:\/\/www.grupohipnosiscopcv.es\/wordpress\/wp-json\/wp\/v2\/categories?post=2155"},{"taxonomy":"post_tag","embeddable":true,"href":"https:\/\/www.grupohipnosiscopcv.es\/wordpress\/wp-json\/wp\/v2\/tags?post=2155"}],"curies":[{"name":"wp","href":"https:\/\/api.w.org\/{rel}","templated":true}]}}