{"id":1973,"date":"2012-07-08T23:42:35","date_gmt":"2012-07-08T22:42:35","guid":{"rendered":"http:\/\/www.grupohipnosiscopcv.es\/wordpress\/?page_id=1973"},"modified":"2012-07-09T00:01:11","modified_gmt":"2012-07-08T23:01:11","slug":"eizaguirre-eizaguirre-amada","status":"publish","type":"page","link":"https:\/\/www.grupohipnosiscopcv.es\/wordpress\/informacion-para-usuarios\/profesionales-cualificados\/eizaguirre-eizaguirre-amada\/","title":{"rendered":"Eizaguirre Eizaguirre, Amada"},"content":{"rendered":"<div>\n<div>\n<p><strong>Titulaci\u00f3n universitaria:<\/strong><\/p>\n<p>Licenciada en Psicolog\u00eda. Especialidad: Psicolog\u00eda Cl\u00ednica<br \/>\n<strong>Colegiado:<\/strong><\/p>\n<p>N\u00ba GC02050<\/p>\n<p><strong>Titulaci\u00f3n o estudios de hipnosis:<\/strong><\/p>\n<p>Experto en Hipnosis Cl\u00ednica y Relajaci\u00f3n (100 horas)<\/p>\n<p><strong>Temas que trata:<\/strong><br \/>\nPsicolog\u00eda General<\/p>\n<p><strong>Datos de contacto:<\/strong><\/p>\n<p>arimacorreo@gmail.com<\/p>\n<p>Tel\u00e9fono:<br \/>\nFijo: 943 830 159<br \/>\nM\u00f3vil: 610 480 917<br \/>\n<strong>Otros datos:<\/strong><\/p>\n<p>Consulta: General Etxag\u00fce, 6 planta baja \u2013 20003 DONOSTIA-SAN SEBASTI\u00c1N (GUIP\u00daZCOA)<\/p>\n<\/div>\n<\/div>\n<p>&nbsp;<\/p>\n","protected":false},"excerpt":{"rendered":"<p>Titulaci\u00f3n universitaria: Licenciada en Psicolog\u00eda. Especialidad: Psicolog\u00eda Cl\u00ednica Colegiado: N\u00ba GC02050 Titulaci\u00f3n o estudios de hipnosis: Experto en Hipnosis Cl\u00ednica y Relajaci\u00f3n (100 horas) Temas que trata: Psicolog\u00eda General Datos de contacto: arimacorreo@gmail.com Tel\u00e9fono: Fijo: 943 830 159 M\u00f3vil: 610 480 917 Otros datos: Consulta: General Etxag\u00fce, 6 planta baja \u2013 20003 DONOSTIA-SAN SEBASTI\u00c1N (GUIP\u00daZCOA) &hellip;<\/p>\n","protected":false},"author":10,"featured_media":0,"parent":38,"menu_order":11,"comment_status":"closed","ping_status":"open","template":"","meta":{"footnotes":""},"categories":[],"tags":[],"class_list":["post-1973","page","type-page","status-publish","hentry"],"_links":{"self":[{"href":"https:\/\/www.grupohipnosiscopcv.es\/wordpress\/wp-json\/wp\/v2\/pages\/1973","targetHints":{"allow":["GET"]}}],"collection":[{"href":"https:\/\/www.grupohipnosiscopcv.es\/wordpress\/wp-json\/wp\/v2\/pages"}],"about":[{"href":"https:\/\/www.grupohipnosiscopcv.es\/wordpress\/wp-json\/wp\/v2\/types\/page"}],"author":[{"embeddable":true,"href":"https:\/\/www.grupohipnosiscopcv.es\/wordpress\/wp-json\/wp\/v2\/users\/10"}],"replies":[{"embeddable":true,"href":"https:\/\/www.grupohipnosiscopcv.es\/wordpress\/wp-json\/wp\/v2\/comments?post=1973"}],"version-history":[{"count":5,"href":"https:\/\/www.grupohipnosiscopcv.es\/wordpress\/wp-json\/wp\/v2\/pages\/1973\/revisions"}],"predecessor-version":[{"id":1978,"href":"https:\/\/www.grupohipnosiscopcv.es\/wordpress\/wp-json\/wp\/v2\/pages\/1973\/revisions\/1978"}],"up":[{"embeddable":true,"href":"https:\/\/www.grupohipnosiscopcv.es\/wordpress\/wp-json\/wp\/v2\/pages\/38"}],"wp:attachment":[{"href":"https:\/\/www.grupohipnosiscopcv.es\/wordpress\/wp-json\/wp\/v2\/media?parent=1973"}],"wp:term":[{"taxonomy":"category","embeddable":true,"href":"https:\/\/www.grupohipnosiscopcv.es\/wordpress\/wp-json\/wp\/v2\/categories?post=1973"},{"taxonomy":"post_tag","embeddable":true,"href":"https:\/\/www.grupohipnosiscopcv.es\/wordpress\/wp-json\/wp\/v2\/tags?post=1973"}],"curies":[{"name":"wp","href":"https:\/\/api.w.org\/{rel}","templated":true}]}}