{"id":139,"date":"2010-02-27T22:35:19","date_gmt":"2010-02-27T21:35:19","guid":{"rendered":"http:\/\/www.grupohipnosiscopcv.es\/wordpress\/actividades-formativas\/"},"modified":"2012-04-05T20:08:11","modified_gmt":"2012-04-05T19:08:11","slug":"actividades-formativas","status":"publish","type":"page","link":"https:\/\/www.grupohipnosiscopcv.es\/wordpress\/actividades-formativas\/","title":{"rendered":"Formaci\u00f3n"},"content":{"rendered":"<p>En esta p\u00e1gina a\u00f1adimos todas las ofertas formativas en el campo de la hipnosis que llegan a nuestro Grupo de Trabajo.<\/p>\n<p>A la hora de elegir un curso de hipnosis, es importante tener en cuenta ciertas cosas. Le recomendamos que antes de tomas una decisi\u00f3n, lea nuestras <span style=\"font-family: Georgia, 'Bitstream Charter', serif; line-height: 24px; font-size: 16px;\"><a href=\"http:\/\/www.grupohipnosiscopcv.es\/wordpress\/actividades-formativas\/recomendaciones-para-la-eleccion-de-un-curso-de-hipnosis-clinica\/\" target=\"_blank\">Recomendaciones para la elecci\u00f3n de un curso de hipnosis cl\u00ednica.<\/a><\/span><\/p>\n<p>Si usted ofrece formaci\u00f3n en hipnosis y desea que publiquemos sus cursos, ha de cumplir ciertos requistos de calidad, nivel t\u00e9cnico y compromiso \u00e9tico, expuestos en las <a href=\"http:\/\/www.grupohipnosiscopcv.es\/wordpress\/actividades-formativas\/recomendaciones-para-la-eleccion-de-un-curso-de-hipnosis-clinica\/\" target=\"_blank\">Recomendaciones para la elecci\u00f3n de un curso de hipnosis cl\u00ednica.<\/a> Para solicitar su inclusi\u00f3n, siga las <span style=\"font-family: Georgia, 'Bitstream Charter', serif; line-height: 24px; font-size: 16px;\"><a title=\"Curso de Especialista Universitario en Hipnosis Cl\u00ednica \u2013 UNED\" href=\"http:\/\/www.grupohipnosiscopcv.es\/wordpress\/actividades-formativas\/instrucciones-para-los-centros-de-ensenanza\/\" rel=\"bookmark\" target=\"_blank\">Instrucciones para los centros de ense\u00f1anza<\/a><\/span><\/p>\n<p>&nbsp;<\/p>\n<p>&nbsp;<\/p>\n<p>&nbsp;<\/p>\n<p>&nbsp;<\/p>\n","protected":false},"excerpt":{"rendered":"<p>En esta p\u00e1gina a\u00f1adimos todas las ofertas formativas en el campo de la hipnosis que llegan a nuestro Grupo de Trabajo. A la hora de elegir un curso de hipnosis, es importante tener en cuenta ciertas cosas. Le recomendamos que antes de tomas una decisi\u00f3n, lea nuestras Recomendaciones para la elecci\u00f3n de un curso de &hellip;<\/p>\n","protected":false},"author":12,"featured_media":0,"parent":0,"menu_order":13,"comment_status":"closed","ping_status":"closed","template":"page-posts.php","meta":{"footnotes":""},"categories":[10],"tags":[],"class_list":["post-139","page","type-page","status-publish","hentry","category-noticias"],"_links":{"self":[{"href":"https:\/\/www.grupohipnosiscopcv.es\/wordpress\/wp-json\/wp\/v2\/pages\/139","targetHints":{"allow":["GET"]}}],"collection":[{"href":"https:\/\/www.grupohipnosiscopcv.es\/wordpress\/wp-json\/wp\/v2\/pages"}],"about":[{"href":"https:\/\/www.grupohipnosiscopcv.es\/wordpress\/wp-json\/wp\/v2\/types\/page"}],"author":[{"embeddable":true,"href":"https:\/\/www.grupohipnosiscopcv.es\/wordpress\/wp-json\/wp\/v2\/users\/12"}],"replies":[{"embeddable":true,"href":"https:\/\/www.grupohipnosiscopcv.es\/wordpress\/wp-json\/wp\/v2\/comments?post=139"}],"version-history":[{"count":20,"href":"https:\/\/www.grupohipnosiscopcv.es\/wordpress\/wp-json\/wp\/v2\/pages\/139\/revisions"}],"predecessor-version":[{"id":652,"href":"https:\/\/www.grupohipnosiscopcv.es\/wordpress\/wp-json\/wp\/v2\/pages\/139\/revisions\/652"}],"wp:attachment":[{"href":"https:\/\/www.grupohipnosiscopcv.es\/wordpress\/wp-json\/wp\/v2\/media?parent=139"}],"wp:term":[{"taxonomy":"category","embeddable":true,"href":"https:\/\/www.grupohipnosiscopcv.es\/wordpress\/wp-json\/wp\/v2\/categories?post=139"},{"taxonomy":"post_tag","embeddable":true,"href":"https:\/\/www.grupohipnosiscopcv.es\/wordpress\/wp-json\/wp\/v2\/tags?post=139"}],"curies":[{"name":"wp","href":"https:\/\/api.w.org\/{rel}","templated":true}]}}