{"id":136,"date":"2009-05-01T22:33:43","date_gmt":"2009-05-01T21:33:43","guid":{"rendered":"http:\/\/www.grupohipnosiscopcv.es\/wordpress\/documentos\/"},"modified":"2010-12-07T18:42:17","modified_gmt":"2010-12-07T17:42:17","slug":"bibliografia","status":"publish","type":"page","link":"https:\/\/www.grupohipnosiscopcv.es\/wordpress\/recursos-para-profesionales\/bibliografia\/","title":{"rendered":"Bibliograf\u00eda"},"content":{"rendered":"<p>En esta p\u00e1gina encontrar\u00e1 documentaci\u00f3n a su disposici\u00f3n. Si posee usted alg\u00fan tipo de documento \u00fatil y desea compartirlo con la comunidad, p\u00f3ngase en contacto con nosotros. Recuerde que los autores y propietarios de los documentos consienten expl\u00edcitamente su publicaci\u00f3n en este sitio web y su descarga libre y gratuita. No obstante, todo el material disponible aqu\u00ed est\u00e1 sujeto a los derechos de propiedad intelectual , debe respetar las licencias (ya sea Copyright, Creative Commons u otras) bajo las que sus propietarios se han acogido.<font size=2><\/p>\n<li><a href=\"http:\/\/www.grupohipnosiscopcv.es\/wordpress\/recursos-para-profesionales\/bibliografia\/articulos\/\" target=\"_self\">Art\u00edculos<\/a><\/li>\n<li><a href=\"http:\/\/www.grupohipnosiscopcv.es\/wordpress\/recursos-para-profesionales\/bibliografia\/algunas-referencias-utiles-sobre-la-hipnosis-cientifica-en-castellano\/\">Algunas referencias \u00fatiles sobre la hipnosis cient\u00edfica en castellano<\/a><\/li>\n<li><a href=\"http:\/\/www.grupohipnosiscopcv.es\/wordpress\/recursos-para-profesionales\/bibliografia\/recensiones\/\">Recensiones de libros<\/a><\/li>\n<li><a href=\"http:\/\/www.grupohipnosiscopcv.es\/wordpress\/recursos-para-profesionales\/bibliografia\/tesis-doctorales-accesibles-al-publico\/\">Tesis doctorales accesibles al p\u00fablico<\/a><\/li>\n<li><a href=\"http:\/\/www.grupohipnosiscopcv.es\/wordpress\/recursos-para-profesionales\/bibliografia\/otros-documentos\/\" target=\"_self\">Otros documentos<\/a><\/li>\n<p><\/font><\/p>\n","protected":false},"excerpt":{"rendered":"<p>En esta p\u00e1gina encontrar\u00e1 documentaci\u00f3n a su disposici\u00f3n. Si posee usted alg\u00fan tipo de documento \u00fatil y desea compartirlo con la comunidad, p\u00f3ngase en contacto con nosotros. Recuerde que los autores y propietarios de los documentos consienten expl\u00edcitamente su publicaci\u00f3n en este sitio web y su descarga libre y gratuita. No obstante, todo el material &hellip;<\/p>\n","protected":false},"author":12,"featured_media":0,"parent":29,"menu_order":10,"comment_status":"closed","ping_status":"closed","template":"","meta":{"footnotes":""},"categories":[10],"tags":[],"class_list":["post-136","page","type-page","status-publish","hentry","category-noticias"],"_links":{"self":[{"href":"https:\/\/www.grupohipnosiscopcv.es\/wordpress\/wp-json\/wp\/v2\/pages\/136","targetHints":{"allow":["GET"]}}],"collection":[{"href":"https:\/\/www.grupohipnosiscopcv.es\/wordpress\/wp-json\/wp\/v2\/pages"}],"about":[{"href":"https:\/\/www.grupohipnosiscopcv.es\/wordpress\/wp-json\/wp\/v2\/types\/page"}],"author":[{"embeddable":true,"href":"https:\/\/www.grupohipnosiscopcv.es\/wordpress\/wp-json\/wp\/v2\/users\/12"}],"replies":[{"embeddable":true,"href":"https:\/\/www.grupohipnosiscopcv.es\/wordpress\/wp-json\/wp\/v2\/comments?post=136"}],"version-history":[{"count":15,"href":"https:\/\/www.grupohipnosiscopcv.es\/wordpress\/wp-json\/wp\/v2\/pages\/136\/revisions"}],"predecessor-version":[{"id":957,"href":"https:\/\/www.grupohipnosiscopcv.es\/wordpress\/wp-json\/wp\/v2\/pages\/136\/revisions\/957"}],"up":[{"embeddable":true,"href":"https:\/\/www.grupohipnosiscopcv.es\/wordpress\/wp-json\/wp\/v2\/pages\/29"}],"wp:attachment":[{"href":"https:\/\/www.grupohipnosiscopcv.es\/wordpress\/wp-json\/wp\/v2\/media?parent=136"}],"wp:term":[{"taxonomy":"category","embeddable":true,"href":"https:\/\/www.grupohipnosiscopcv.es\/wordpress\/wp-json\/wp\/v2\/categories?post=136"},{"taxonomy":"post_tag","embeddable":true,"href":"https:\/\/www.grupohipnosiscopcv.es\/wordpress\/wp-json\/wp\/v2\/tags?post=136"}],"curies":[{"name":"wp","href":"https:\/\/api.w.org\/{rel}","templated":true}]}}