{"id":1304,"date":"2011-09-12T20:18:55","date_gmt":"2011-09-12T19:18:55","guid":{"rendered":"http:\/\/www.grupohipnosiscopcv.es\/wordpress\/?page_id=1304"},"modified":"2012-01-18T09:21:28","modified_gmt":"2012-01-18T08:21:28","slug":"marin-tejero-angel","status":"publish","type":"page","link":"https:\/\/www.grupohipnosiscopcv.es\/wordpress\/informacion-para-usuarios\/profesionales-cualificados\/marin-tejero-angel\/","title":{"rendered":"Mar\u00edn Tejero, \u00c1ngel"},"content":{"rendered":"<div>\n<p><strong>Titulaci\u00f3n universitaria:<\/strong><\/p>\n<p>Licenciado en Psicolog\u00eda<\/p>\n<p><strong>Colegiado:<\/strong><\/p>\n<p>M-03258 Colegio Oficial de Psic\u00f3logos de Madrid<\/p>\n<p><strong>Titulaci\u00f3n o estudios de hipnosis:<\/strong><\/p>\n<p>Hipnosis Cl\u00ednica, Fundamentos y Aplicaciones, en el Colegio Oficial Psic\u00f3logos de Madrid por H. Gonz\u00e1lez Ordi en Abril\/Mayo &#8211; 95 duraci\u00f3n 20 h.<br \/>\nHipnosis Cl\u00ednica II, Avanzado en el Colegio Oficial Psic\u00f3logos de Madrid por H. Gonz\u00e1lez Ordi en Septiembre &#8211; 95 duraci\u00f3n 10h.<br \/>\nExperto en Hipnosis Cl\u00ednica y Relajaci\u00f3n en el Inst. Europeo de Psicot. de T.L. por R.Aguado Romo en Junio &#8211; 2007 duraci\u00f3n 160h.<\/p>\n<p><strong>Temas que trata:<\/strong><\/p>\n<p>Agorafobia, fobias, ansiedad, estr\u00e9s, tabaquismo, reducci\u00f3n del dolor cr\u00f3nico,depresi\u00f3n, autoestima, problemas de peso, colon irritable (trast. Psicosom\u00e1ticos), etc.<\/p>\n<p><strong>Datos de contacto:<\/strong><\/p>\n<p>c\/ Princesa, 3 Dupl. 2\u00aa planta apto. 218 28008 Madrid<\/p>\n<p><strong>Otros datos:<\/strong><\/p>\n<p>Tel\u00e9fono: 609005518<\/p>\n<\/div>\n<p>Email: amarin@cop.es<\/p>\n<p>http:\/\/www.psicologo-angelmarin.es<\/p>\n","protected":false},"excerpt":{"rendered":"<p>Titulaci\u00f3n universitaria: Licenciado en Psicolog\u00eda Colegiado: M-03258 Colegio Oficial de Psic\u00f3logos de Madrid Titulaci\u00f3n o estudios de hipnosis: Hipnosis Cl\u00ednica, Fundamentos y Aplicaciones, en el Colegio Oficial Psic\u00f3logos de Madrid por H. Gonz\u00e1lez Ordi en Abril\/Mayo &#8211; 95 duraci\u00f3n 20 h. Hipnosis Cl\u00ednica II, Avanzado en el Colegio Oficial Psic\u00f3logos de Madrid por H. Gonz\u00e1lez &hellip;<\/p>\n","protected":false},"author":12,"featured_media":0,"parent":38,"menu_order":33,"comment_status":"closed","ping_status":"closed","template":"","meta":{"footnotes":""},"categories":[],"tags":[],"class_list":["post-1304","page","type-page","status-publish","hentry"],"_links":{"self":[{"href":"https:\/\/www.grupohipnosiscopcv.es\/wordpress\/wp-json\/wp\/v2\/pages\/1304","targetHints":{"allow":["GET"]}}],"collection":[{"href":"https:\/\/www.grupohipnosiscopcv.es\/wordpress\/wp-json\/wp\/v2\/pages"}],"about":[{"href":"https:\/\/www.grupohipnosiscopcv.es\/wordpress\/wp-json\/wp\/v2\/types\/page"}],"author":[{"embeddable":true,"href":"https:\/\/www.grupohipnosiscopcv.es\/wordpress\/wp-json\/wp\/v2\/users\/12"}],"replies":[{"embeddable":true,"href":"https:\/\/www.grupohipnosiscopcv.es\/wordpress\/wp-json\/wp\/v2\/comments?post=1304"}],"version-history":[{"count":5,"href":"https:\/\/www.grupohipnosiscopcv.es\/wordpress\/wp-json\/wp\/v2\/pages\/1304\/revisions"}],"predecessor-version":[{"id":1387,"href":"https:\/\/www.grupohipnosiscopcv.es\/wordpress\/wp-json\/wp\/v2\/pages\/1304\/revisions\/1387"}],"up":[{"embeddable":true,"href":"https:\/\/www.grupohipnosiscopcv.es\/wordpress\/wp-json\/wp\/v2\/pages\/38"}],"wp:attachment":[{"href":"https:\/\/www.grupohipnosiscopcv.es\/wordpress\/wp-json\/wp\/v2\/media?parent=1304"}],"wp:term":[{"taxonomy":"category","embeddable":true,"href":"https:\/\/www.grupohipnosiscopcv.es\/wordpress\/wp-json\/wp\/v2\/categories?post=1304"},{"taxonomy":"post_tag","embeddable":true,"href":"https:\/\/www.grupohipnosiscopcv.es\/wordpress\/wp-json\/wp\/v2\/tags?post=1304"}],"curies":[{"name":"wp","href":"https:\/\/api.w.org\/{rel}","templated":true}]}}