{"id":1110,"date":"2011-02-22T19:50:38","date_gmt":"2011-02-22T18:50:38","guid":{"rendered":"http:\/\/www.grupohipnosiscopcv.es\/wordpress\/"},"modified":"2012-01-18T09:21:32","modified_gmt":"2012-01-18T08:21:32","slug":"barriga-campos-silvia","status":"publish","type":"page","link":"https:\/\/www.grupohipnosiscopcv.es\/wordpress\/informacion-para-usuarios\/profesionales-cualificados\/barriga-campos-silvia\/","title":{"rendered":"Barriga Campos, Silvia"},"content":{"rendered":"<p><strong>Titulaci\u00f3n universitaria:<\/strong><\/p>\n<p>Licenciada en Psicolog\u00eda<\/p>\n<p><strong>Colegiado:<\/strong><\/p>\n<p>CV-09826 Colegio Oficial de Psic\u00f3logos de la Comunidad Valenciana<\/p>\n<p><strong>Titulaci\u00f3n o estudios de hipnosis:<\/strong><\/p>\n<p>Practicum de Personalidad. Tratamientos cognitivo-conductuales e Hipnosis. (240h)<\/p>\n<p>Curso: La Hipnosis y sus aplicaciones Cl\u00ednicas: Desarrollo y profundizaci\u00f3n (30h)<\/p>\n<p><strong>Temas que trata:<\/strong><\/p>\n<p>Atenci\u00f3n psicol\u00f3gica ni\u00f1os y adultos.<\/p>\n<p><strong>Datos de contacto:<\/strong><\/p>\n<p>Centro LogoFiPsic<\/p>\n<p>Av. Gregorio Gea n\u00ba 30 pta 5<\/p>\n<p>46920 Mislata (Valencia)<\/p>\n<p><strong>Otros datos:<\/strong><\/p>\n<p>Tel\u00e9fono: 616 949 849<\/p>\n","protected":false},"excerpt":{"rendered":"<p>Titulaci\u00f3n universitaria: Licenciada en Psicolog\u00eda Colegiado: CV-09826 Colegio Oficial de Psic\u00f3logos de la Comunidad Valenciana Titulaci\u00f3n o estudios de hipnosis: Practicum de Personalidad. Tratamientos cognitivo-conductuales e Hipnosis. (240h) Curso: La Hipnosis y sus aplicaciones Cl\u00ednicas: Desarrollo y profundizaci\u00f3n (30h) Temas que trata: Atenci\u00f3n psicol\u00f3gica ni\u00f1os y adultos. Datos de contacto: Centro LogoFiPsic Av. Gregorio Gea &hellip;<\/p>\n","protected":false},"author":12,"featured_media":0,"parent":38,"menu_order":34,"comment_status":"closed","ping_status":"closed","template":"","meta":{"footnotes":""},"categories":[],"tags":[],"class_list":["post-1110","page","type-page","status-publish","hentry"],"_links":{"self":[{"href":"https:\/\/www.grupohipnosiscopcv.es\/wordpress\/wp-json\/wp\/v2\/pages\/1110","targetHints":{"allow":["GET"]}}],"collection":[{"href":"https:\/\/www.grupohipnosiscopcv.es\/wordpress\/wp-json\/wp\/v2\/pages"}],"about":[{"href":"https:\/\/www.grupohipnosiscopcv.es\/wordpress\/wp-json\/wp\/v2\/types\/page"}],"author":[{"embeddable":true,"href":"https:\/\/www.grupohipnosiscopcv.es\/wordpress\/wp-json\/wp\/v2\/users\/12"}],"replies":[{"embeddable":true,"href":"https:\/\/www.grupohipnosiscopcv.es\/wordpress\/wp-json\/wp\/v2\/comments?post=1110"}],"version-history":[{"count":3,"href":"https:\/\/www.grupohipnosiscopcv.es\/wordpress\/wp-json\/wp\/v2\/pages\/1110\/revisions"}],"predecessor-version":[{"id":1388,"href":"https:\/\/www.grupohipnosiscopcv.es\/wordpress\/wp-json\/wp\/v2\/pages\/1110\/revisions\/1388"}],"up":[{"embeddable":true,"href":"https:\/\/www.grupohipnosiscopcv.es\/wordpress\/wp-json\/wp\/v2\/pages\/38"}],"wp:attachment":[{"href":"https:\/\/www.grupohipnosiscopcv.es\/wordpress\/wp-json\/wp\/v2\/media?parent=1110"}],"wp:term":[{"taxonomy":"category","embeddable":true,"href":"https:\/\/www.grupohipnosiscopcv.es\/wordpress\/wp-json\/wp\/v2\/categories?post=1110"},{"taxonomy":"post_tag","embeddable":true,"href":"https:\/\/www.grupohipnosiscopcv.es\/wordpress\/wp-json\/wp\/v2\/tags?post=1110"}],"curies":[{"name":"wp","href":"https:\/\/api.w.org\/{rel}","templated":true}]}}