{"id":1082,"date":"2011-01-25T10:43:32","date_gmt":"2011-01-25T09:43:32","guid":{"rendered":"http:\/\/www.grupohipnosiscopcv.es\/wordpress\/"},"modified":"2011-01-25T10:51:15","modified_gmt":"2011-01-25T09:51:15","slug":"catuna-machadinho-marta","status":"publish","type":"page","link":"https:\/\/www.grupohipnosiscopcv.es\/wordpress\/em-portugues\/catuna-machadinho-marta\/","title":{"rendered":"Catuna Machadinho, Marta"},"content":{"rendered":"<p><strong>Titula\u00e7\u00e3o universitaria:<\/strong><\/p>\n<p>Licenciada em psicolog\u00eda cl\u00ednica<\/p>\n<p><strong>Colegiado:<\/strong><\/p>\n<p>Miembro 6401 de la Associacion Pro-Ordene de los Psicologos (Portugal)<\/p>\n<p><strong>Titula\u00e7\u00e3o ou estudos de hipnose:<\/strong><\/p>\n<p>Introduccion a la  Hipnosis Clinica<\/p>\n<p><strong>Temas que trata:<\/strong><\/p>\n<p>Autoestima y confianza, depresi\u00f3n, estr\u00e9s, fobias<\/p>\n<p><strong>Datos para contato:<\/strong><\/p>\n<p>Marta Catuna Machadinho<br \/>\nmartacatuna@gmail.com<br \/>\n+351914607180<br \/>\nAlbufeira, Portugal<\/p>\n","protected":false},"excerpt":{"rendered":"<p>Titula\u00e7\u00e3o universitaria: Licenciada em psicolog\u00eda cl\u00ednica Colegiado: Miembro 6401 de la Associacion Pro-Ordene de los Psicologos (Portugal) Titula\u00e7\u00e3o ou estudos de hipnose: Introduccion a la Hipnosis Clinica Temas que trata: Autoestima y confianza, depresi\u00f3n, estr\u00e9s, fobias Datos para contato: Marta Catuna Machadinho martacatuna@gmail.com +351914607180 Albufeira, Portugal<\/p>\n","protected":false},"author":12,"featured_media":0,"parent":44,"menu_order":3,"comment_status":"closed","ping_status":"closed","template":"","meta":{"footnotes":""},"categories":[],"tags":[],"class_list":["post-1082","page","type-page","status-publish","hentry"],"_links":{"self":[{"href":"https:\/\/www.grupohipnosiscopcv.es\/wordpress\/wp-json\/wp\/v2\/pages\/1082","targetHints":{"allow":["GET"]}}],"collection":[{"href":"https:\/\/www.grupohipnosiscopcv.es\/wordpress\/wp-json\/wp\/v2\/pages"}],"about":[{"href":"https:\/\/www.grupohipnosiscopcv.es\/wordpress\/wp-json\/wp\/v2\/types\/page"}],"author":[{"embeddable":true,"href":"https:\/\/www.grupohipnosiscopcv.es\/wordpress\/wp-json\/wp\/v2\/users\/12"}],"replies":[{"embeddable":true,"href":"https:\/\/www.grupohipnosiscopcv.es\/wordpress\/wp-json\/wp\/v2\/comments?post=1082"}],"version-history":[{"count":3,"href":"https:\/\/www.grupohipnosiscopcv.es\/wordpress\/wp-json\/wp\/v2\/pages\/1082\/revisions"}],"predecessor-version":[{"id":1088,"href":"https:\/\/www.grupohipnosiscopcv.es\/wordpress\/wp-json\/wp\/v2\/pages\/1082\/revisions\/1088"}],"up":[{"embeddable":true,"href":"https:\/\/www.grupohipnosiscopcv.es\/wordpress\/wp-json\/wp\/v2\/pages\/44"}],"wp:attachment":[{"href":"https:\/\/www.grupohipnosiscopcv.es\/wordpress\/wp-json\/wp\/v2\/media?parent=1082"}],"wp:term":[{"taxonomy":"category","embeddable":true,"href":"https:\/\/www.grupohipnosiscopcv.es\/wordpress\/wp-json\/wp\/v2\/categories?post=1082"},{"taxonomy":"post_tag","embeddable":true,"href":"https:\/\/www.grupohipnosiscopcv.es\/wordpress\/wp-json\/wp\/v2\/tags?post=1082"}],"curies":[{"name":"wp","href":"https:\/\/api.w.org\/{rel}","templated":true}]}}