{"id":1079,"date":"2011-01-25T10:40:29","date_gmt":"2011-01-25T09:40:29","guid":{"rendered":"http:\/\/www.grupohipnosiscopcv.es\/wordpress\/"},"modified":"2011-01-25T10:50:56","modified_gmt":"2011-01-25T09:50:56","slug":"carvalho-claudia-maria-constante-ferreira-de","status":"publish","type":"page","link":"https:\/\/www.grupohipnosiscopcv.es\/wordpress\/em-portugues\/carvalho-claudia-maria-constante-ferreira-de\/","title":{"rendered":"Carvalho, Cl\u00e1udia Maria Constante Ferreira de"},"content":{"rendered":"<p><strong>Titula\u00e7\u00e3o universitaria:<\/strong><\/p>\n<p>Doutora em Psicolog\u00eda<\/p>\n<p><strong>Colegiado:<\/strong><\/p>\n<p>Instituto Superior de Psicolog\u00eda Aplicada \/ Universidade Nova de Lisboa<\/p>\n<p><strong>Titula\u00e7\u00e3o ou estudos de hipnose:<\/strong><\/p>\n<p>2001 &#8211; Intensive Training in Ericksonian Approaches to Brief Hypnotic Therapy (60 hrs) ministrado na The Milton Erickson Foundation (Phoenix, Arizona, EUA). Formadores: Brent Geary, PhD &amp; Jeff Zeig, PhD<br \/>\n2002 &#8211; Hipnose Desperta e Tabagismo (12 hrs) Instituto Milton Erickson de Portugal \u2013 Zona Norte (Porto, Portugal). Formador: Antonio Capafons, PhD<\/p>\n<p>2002 \/ 2003 P\u00f3s-gradua\u00e7\u00e3o em  Hipnose Cl\u00ednica e Psicoterapia Breve (94 hrs) ministrado no Instituto Superior da Maia (Castelo da Maia, Portugal). Formador: Peter Hawkins, PhD<\/p>\n<p><strong>Temas que trata:<\/strong><\/p>\n<p>Actualmente dedicada \u00e0 investiga\u00e7\u00e3o e ao ensino superior universit\u00e1rio. Adapta\u00e7\u00e3o e valida\u00e7\u00e3o de instrumentos de medida no \u00e2mbito da hipnose, sugestionabilidade hipn\u00f3tica e n\u00e3o hipn\u00f3tica, ades\u00e3o terap\u00eautica, promo\u00e7\u00e3o de comportamentos de sa\u00fade<\/p>\n<p><strong>Datos para contato:<\/strong><\/p>\n<p>Instituto Superior de Psicolog\u00eda Aplicada (<a href=\"http:\/\/www.ispa.pt\/\">www.ispa.pt<\/a>)<br \/>\nRua Jardim do Tabaco, 34<br \/>\n1149-041 Lisboa<br \/>\nPortugal<br \/>\ne-mail: <a href=\"mailto:claudia.carvalho@ispa.pt\">claudia.carvalho@ispa.pt<\/a><\/p>\n<p><strong>Outros datos:<\/strong><\/p>\n<p>P\u00e1gina de docente no ISPA:<br \/>\n<a href=\"http:\/\/www.ispa.pt\/ISPA\/vPT\/Publico\/CorpoDocente\/Tempo+Integral\/Assistentes\/DocClaudiaCarvalho.htm\">http:\/\/www.ispa.pt\/ISPA\/vPT\/Publico\/CorpoDocente\/Tempo+Integral\/Assistentes\/DocClaudiaCarvalho.htm<\/a><\/p>\n","protected":false},"excerpt":{"rendered":"<p>Titula\u00e7\u00e3o universitaria: Doutora em Psicolog\u00eda Colegiado: Instituto Superior de Psicolog\u00eda Aplicada \/ Universidade Nova de Lisboa Titula\u00e7\u00e3o ou estudos de hipnose: 2001 &#8211; Intensive Training in Ericksonian Approaches to Brief Hypnotic Therapy (60 hrs) ministrado na The Milton Erickson Foundation (Phoenix, Arizona, EUA). Formadores: Brent Geary, PhD &amp; Jeff Zeig, PhD 2002 &#8211; Hipnose Desperta &hellip;<\/p>\n","protected":false},"author":12,"featured_media":0,"parent":44,"menu_order":2,"comment_status":"closed","ping_status":"closed","template":"","meta":{"footnotes":""},"categories":[],"tags":[],"class_list":["post-1079","page","type-page","status-publish","hentry"],"_links":{"self":[{"href":"https:\/\/www.grupohipnosiscopcv.es\/wordpress\/wp-json\/wp\/v2\/pages\/1079","targetHints":{"allow":["GET"]}}],"collection":[{"href":"https:\/\/www.grupohipnosiscopcv.es\/wordpress\/wp-json\/wp\/v2\/pages"}],"about":[{"href":"https:\/\/www.grupohipnosiscopcv.es\/wordpress\/wp-json\/wp\/v2\/types\/page"}],"author":[{"embeddable":true,"href":"https:\/\/www.grupohipnosiscopcv.es\/wordpress\/wp-json\/wp\/v2\/users\/12"}],"replies":[{"embeddable":true,"href":"https:\/\/www.grupohipnosiscopcv.es\/wordpress\/wp-json\/wp\/v2\/comments?post=1079"}],"version-history":[{"count":3,"href":"https:\/\/www.grupohipnosiscopcv.es\/wordpress\/wp-json\/wp\/v2\/pages\/1079\/revisions"}],"predecessor-version":[{"id":1081,"href":"https:\/\/www.grupohipnosiscopcv.es\/wordpress\/wp-json\/wp\/v2\/pages\/1079\/revisions\/1081"}],"up":[{"embeddable":true,"href":"https:\/\/www.grupohipnosiscopcv.es\/wordpress\/wp-json\/wp\/v2\/pages\/44"}],"wp:attachment":[{"href":"https:\/\/www.grupohipnosiscopcv.es\/wordpress\/wp-json\/wp\/v2\/media?parent=1079"}],"wp:term":[{"taxonomy":"category","embeddable":true,"href":"https:\/\/www.grupohipnosiscopcv.es\/wordpress\/wp-json\/wp\/v2\/categories?post=1079"},{"taxonomy":"post_tag","embeddable":true,"href":"https:\/\/www.grupohipnosiscopcv.es\/wordpress\/wp-json\/wp\/v2\/tags?post=1079"}],"curies":[{"name":"wp","href":"https:\/\/api.w.org\/{rel}","templated":true}]}}